ate u(-3).
-4
Let r(b) = -b**3 + 4*b**2 - 6*b - 6. Let p(u) = 2*u**3 - 7*u**2 + 13*u + 13. Let c(l) = -2*p(l) - 5*r(l). Calculate c(4).
-12
Let s(k) = -5*k**3 - k**2. Let q(b) = b**3 - 3*b**2 + 4*b - 3. Let c be (-2)/(-4) + 15/10. Let t be q(c). Calculate s(t).
-6
Suppose -q = -5, 0*q - 15 = -5*l - q. Let s(w) = w + 2 + 4 - l*w. Let o be ((-34)/51)/((-4)/30). Calculate s(o).
1
Let i(u) = -2*u - 6. Let h be i(-6). Let s be ((-20)/h)/((-8)/12). Let r(n) = n**2 - 8*n + 6. Calculate r(s).
-9
Let k be 1 - -1*(2 - 1). Suppose -3 = k*z - 3*z. Let w(n) = -1 + 0*n**3 - n + 2*n**3 + 2*n - z*n**3. What is w(1)?
-1
Let w(p) be the third derivative of -p**5/60 + p**4/12 - 17*p**2. Suppose 3*f + 2 = 8. What is w(f)?
0
Let m(u) be the second derivative of -u**3/3 - 9*u**2/2 - 2*u + 30. Determine m(-10).
11
Let g(q) = q**3 - 6*q**2 - 8*q - 7. Let n(l) = -2*l - 18. Let c be n(-8). Let d(w) = -4*w**3 + 17*w**2 + 23*w + 21. Let a(k) = c*d(k) - 7*g(k). Determine a(-6).
19
Suppose -3*f - f - 8 = 0. Let q = -5 - f. Let z(k) = 2*k**2 + 2*k - 2. Determine z(q).
10
Suppose 0 = -g + 4. Suppose -g*m = -6*m. Let h(d) be the second derivative of -d**4/12 + d**3/6 - d**2 + d. Calculate h(m).
-2
Let p be 8/(-52) - 67/(-13). Suppose p*j - 9 = 21. Let z = 2 - j. Let k(c) = -c**2 - 2*c + 1. Calculate k(z).
-7
Let a(f) = 9*f**2 - 8*f + 11. Let x(o) = 5*o**2 - 4*o + 6. Let c(r) = -6*a(r) + 11*x(r). What is c(-5)?
5
Let w(u) = 2*u**2 - 2*u - 1. Suppose 6 = -3*m + 6*m. Let j be w(m). Let x(l) = -2 + 7*l + l**2 + 0 - j*l. Give x(-5).
3
Let i(b) = -b**2 + 5*b - 6. Suppose 0*c + 44 = 2*c. Let n = -18 + c. Give i(n).
-2
Let z(c) = c + 13. Let j(i) = -6. Let v(l) = 5*j(l) + 2*z(l). What is v(6)?
8
Let w(d) be the second derivative of -d**8/6720 + d**7/504 - d**6/180 + d**4/12 - 2*d. Let x(s) be the third derivative of w(s). Give x(3).
6
Suppose 0*z - 4*z + 20 = 0. Suppose 2*b = z*b - 3. Let m(y) = 6*y. Let f(v) = -v. Let c(l) = -14*f(l) - 3*m(l). Determine c(b).
-4
Suppose -2 = -2*p - 0*z + 4*z, 0 = -5*p - 3*z - 21. Let u(s) = -s**3 - 3*s**2 + s - 3. Determine u(p).
-6
Let x = 0 + -2. Let z = 2 - x. Let i(p) = 3*p**2 + p**3 - 1 + 0*p**3 - 9*p**2 + 6*p. Give i(z).
-9
Suppose -f + 3*f = 20. Let d be (-3 + f/4)*-6. Let w(g) = -g**2 + 3. Determine w(d).
-6
Let v(d) be the first derivative of -d**4/4 - 7*d**3/3 + 6*d - 50. Give v(-7).
6
Suppose -13 = -4*l - 5. Let d(z) = 2 - 1 - z**l - 7. Calculate d(0).
-6
Let d = -8 - -6. Let m(t) = t. Let q(r) be the second derivative of -4*r**3/3 - 9*r. Let o(h) = 6*m(h) + q(h). Give o(d).
4
Let m(f) = f**2 + f + 1. Suppose 6*r + 1 = 5*r, 3*z + 4*r = 14. Let s be 2/(-12)*2*z. Let j be (1 - s)*(-16)/(-24). What is m(j)?
7
Let c(x) = x + 7. Let p be c(-6). Let y be p/((-1 - 1)/2). Let j(t) = -7*t**2 + 2*t + 2. Let d(b) = -4*b**2 + b + 1. Let k(w) = 7*d(w) - 3*j(w). Determine k(y).
-7
Let y(o) = -o**3 - 6*o**2 - 7*o - 5. Let q be ((-8)/(-20))/((-1)/5). Let d(x) = x**2 + x + 1. Let n be d(q). Let h = n + -7. Determine y(h).
-9
Let x(j) = 2*j - 12. Let v be x(9). Suppose v*q + 15 = q. Let z(h) = h**2 + h - 2. Determine z(q).
4
Let i(z) = z**3 - 5*z**2 + 2*z. Let q = 19 - 8. Let d = q - 7. Calculate i(d).
-8
Let k(m) = m**2 + 5*m - 10. Let h be (42/(-35))/((-3)/(-20)). Determine k(h).
14
Let p(k) = 9*k**2 + k + 1. Let v(z) = z**2 - z - 1. Let h be v(3). Suppose -4*j - t - 5 = -2*t, -h*j = 3*t + 2. Determine p(j).
9
Let s(j) = 5 - 5*j - j + j + j**2 - 2*j**2. Let c(f) = f**3 + f**2 - 4*f + 1. Let n be c(-3). Determine s(n).
5
Let t(x) = 2*x**3 - 10*x**2 + 8*x + 7. Let a(d) = -d**2 - 2*d + 4. Let u be a(-5). Let g(i) = i**3 - 5*i**2 + 4*i + 4. Let c(l) = u*g(l) + 6*t(l). What is c(3)?
-8
Let v(c) = -c**3 + c**2 + 2*c. Suppose 21 = 2*s + 3*s - 3*o, -2*s + 12 = -3*o. Calculate v(s).
-12
Let k(b) = -6 - 2*b**2 + 3 - 5*b**2 + 2. Let m(y) = -y - 1. Let j be m(0). What is k(j)?
-8
Let w(h) = h**3 - 5*h**2 - 7*h + 5. Let d be w(6). Let x(l) = -1 + 2*l - 3*l + l**2 + 4*l**2. Calculate x(d).
5
Suppose 2 - 4 = -2*d. Let x(t) = 2*t + t**2 - 4*t + d + 1. Let r be (8/(-10))/((-2)/5). Give x(r).
2
Let y(f) = 3*f**3 + 8*f**2 + 2*f + 10. Let a(j) = 10*j**3 + 25*j**2 + 7*j + 31. Let c(s) = 2*a(s) - 7*y(s). Determine c(-6).
-8
Let l(i) = 6*i. Let c(s) = s**3 + s**2 - s - 1. Let d(y) = y**3 + 3*y**2 - 4*y - 1. Let m(r) = 2*c(r) - d(r). Let j be m(1). Determine l(j).
6
Let y(t) = 3*t**2 + t. Let n(a) = a**3 + 12*a**2 - 1. Let j be n(-12). Give y(j).
2
Let w(a) = -a**3 - 12*a**2 - 10*a + 12. Let d be w(-11). Let g(n) = n**2 + d + 0*n**2 + n**2. Suppose -2*c - 1 = -3*c. Determine g(c).
3
Let c(g) = g - 5. Let l be 5 - 1/(-2)*2. Determine c(l).
1
Let p be 1/2 - (-2)/(-4). Let j(s) = 2*s + p - 4 - s. Suppose 0 = 4*w - w + 15. Calculate j(w).
-9
Suppose -t + w - 5 = -4*t, 23 = t - 5*w. Let r(k) = 5 + t*k + 0 - 4*k. Give r(3).
2
Let l(f) = 0*f + 0*f + 5*f - 1 - 4*f. Calculate l(3).
2
Let l(w) be the first derivative of w**4/12 - w**3/3 + w**2/2 - 1. Let r(d) be the second derivative of l(d). Determine r(-2).
-6
Let x = 1 + 1. Suppose 13 = x*f + k, -6*f = -4*f - 5*k + 17. Let v(a) = -a**2 + 2*a + 3. Calculate v(f).
-5
Let r(w) be the second derivative of -1/20*w**5 + 0 + 0*w**3 - 4*w**2 + 1/12*w**4 - w. Give r(0).
-8
Let l(h) be the second derivative of 0 + 2*h - 1/12*h**4 - h**3 - 5/2*h**2. Determine l(-5).
0
Suppose 12*h - 5*h - 28 = 0. Let o(y) be the third derivative of y**5/60 - 5*y**4/24 + y**3/6 + y**2. What is o(h)?
-3
Let k(w) = -w**2. Let t(u) be the second derivative of -u**4/3 + u**3/3 - u**2/2 + 3*u. Let o(b) = 5*k(b) - t(b). Let l be (1 + -7)/2*1. Calculate o(l).
-2
Suppose 0 = 5*p - 14 - 11. Let y(t) = 1 + 2*t**3 + 5*t**3 - 8*t**3 + p*t**2. Let l be 1 - (-4 - -1 - 1). Give y(l).
1
Let g(z) = -6*z**2 - 1. Suppose 0*t - 6 = -3*t. Suppose -5*x + 9 = -t*q, 2*x - q - 6 = q. Give g(x).
-7
Let t(n) = 3*n**2 - 5*n + 3. Let y(i) = 4*i**2 - 5*i + 3. Let k(o) = -5*t(o) + 4*y(o). Suppose 0 = -5*l + 2*l - 33. Let r = l - -7. What is k(r)?
-7
Let u(i) = -4*i**2 + 8*i - 1 + 3*i**2 - 4*i. Let g(w) = w**2 - 7*w - 4. Let c be g(8). What is u(c)?
-1
Let n(a) = a + 1. Suppose 0 = 5*t - 4*t - 5*b + 32, -2*b = 3*t + 28. Let s be (4/(-3))/(4/t). Give n(s).
5
Let k(d) = d**2 - 5*d + 2. Let u be k(5). Let w(v) = 8*v - 5 - u*v + 2*v**2 + 1 - 3*v**2. Calculate w(6).
-4
Let g(x) = x**3 - x**2 + x + 2. Let k(j) = j**3 + 9*j**2 + 14*j + 2. Let a be k(-7). What is g(a)?
8
Let u(q) = q - 4. Let b = 4 - 0. What is u(b)?
0
Let n(l) be the third derivative of l**4/24 + 7*l**3/6 - l**2. Suppose 3*q = 3, -5*s + 4*q = 7*q + 22. Calculate n(s).
2
Let b be -5 + (16 - 7) + (-1 - 1). Let w(u) be the first derivative of -u - u**3 - 1/4*u**4 + 2 - 1/2*u**b. Determine w(-2).
-3
Let z = -63 - -91. Suppose -5*b = -w + z, -2*b - 3*w - 5 - 13 = 0. Let g(p) = -p - 1. Determine g(b).
5
Let l(t) = 4*t - 3 + 15*t**2 - 10*t**2 - 8*t**2. Determine l(2).
-7
Let f(w) = w**3 - 15*w**2 + 13*w + 17. Let n be f(14). Let a(x) = -2*x + 1. Let i(l) = l - 1. Let y(c) = a(c) + 3*i(c). Determine y(n).
1
Let n(a) = a**2 + 10*a - 9. Let c be n(-11). Let y(j) = 3*j**2 + 0*j + 0 - j - c. What is y(2)?
8
Let h(l) = 2*l**2 + 3*l + 2. Let j(g) = g**2 - 6*g + 2. Let f be j(6). Let n be 5 - 2/(-4)*-6. Suppose f*q = 3*q + n. Give h(q).
4
Let a(h) = 2*h - 3*h - 3*h + 5. Let s(r) = 13*r - 16. Let p(x) = 7*a(x) + 2*s(x). Calculate p(5).
-7
Let c(k) = -k**2 + 1 - 4*k - 3*k**3 - 2 + 3*k. Give c(-1).
2
Suppose 0 = -4*c + 6 + 6. Let d(z) = -z**3 - 4*z**2 + 0*z**c + 0*z**2. Give d(-4).
0
Let u(i) = -i**2 - 4*i + 4. Let s(v) = -v + 8. Let p be s(4). Suppose -18 = p*n + 10. Let h = 4 + n. Determine u(h).
7
Let t(b) = b**2 + 6*b + 8. Let u(s) = s**3 + 3*s**2 - s + 5. Let l be u(-4). Calculate t(l).
15
Let g(m) = -2*m**2 - 3*m - 5. Let k(p) = 2*p**2 + 3*p + 6. Let a(o) = 5*g(o) + 4*k(o). Calculate a(-4).
-21
Let n(c) be the third derivative of -1/60*c**5 + 0 + 0*c + 5*c**2 + 1/4*c**4 - 5/6*c**3. Calculate n(4).
3
Let u(o) be the second derivative of -o**3/3 + 2*o. Let f(l) = 7*l + 1. Let d be f(1). Let n be 5/20 - (-14)/d. Give u(n).
-4
Let y(w) = 11*w**2 + 3*w - 4. Let x(l) = -10*l**2 - 2*l + 3. Let k(j) = -4*x(j) - 3*y(j). Give k(1).
6
Let m(d) = 5*d**3 - d**2 + 1. Let v be m(1). Let z(u) = 6*u**2 + 25*u - 1. Let l(r) = r**2 + 5*r. Let a(i) = 11*l(i) - 